 -5*h = -u - 102. What is the tens digit of ((-6)/(-2) - 3) + u/(-1)?
8
Suppose -12*o + 4342 = -7*o + 3*d, 2*o - d - 1728 = 0. Let x = 1697 - o. Suppose x = 7*r - 765. What is the units digit of r?
8
Suppose 5*o = -5*b + 375095, -4*o - 106*b + 103*b = -300076. What is the ten thousands digit of o?
7
Let w be 74990/40 + (-1)/(-16)*4. Suppose -2*t + w = 3*i - 0*t, 3*t = -i + 618. What is the tens digit of i?
2
Suppose 5*q + 4038 = 2*y - 17451, 0 = 3*q - 15. What is the hundreds digit of y?
7
Suppose 0 = 5*u + 10, 40*s - 10977 = 39*s - 3*u. What is the thousands digit of s?
0
Suppose -3677287 = 133*j - 357*j + 817273. What is the ten thousands digit of j?
2
Let s(w) = w**3 + 18*w**2 - 85*w - 64. What is the thousands digit of s(-19)?
1
Let i be -66*(-2)/((-8)/(-6)). Suppose -332*o - 2024 = -321*o. What is the tens digit of o/(-3)*i/44?
3
Let s = -3364 + 5779. What is the hundreds digit of s?
4
Suppose 8*w - 4 = 4*v + 9*w, 8 = v - 2*w. What is the tens digit of (-9009)/189*(v - 3)?
4
Suppose -2*f + 7*f + z - 7 = 0, 0 = 5*f + 5*z + 5. Suppose f*a + 65 = 57. What is the units digit of 6/((-1)/2 + (-5)/a)?
8
Let h = -10 - -13. Let b(w) = 6*w**3 - 6*w**2 + 2*w + 9. What is the tens digit of b(h)?
2
What is the thousands digit of (-2)/(-3) - (-3004280)/285?
0
Let b be (-3 + -9)*(-15)/20. Suppose -b*l + 43 + 20 = 0. Suppose 3*i - 2*j - 412 = 0, 0 = -2*j + l + 1. What is the tens digit of i?
4
Let a be 2*-268*3/(-24). Suppose -2*q - a + 497 = 0. What is the tens digit of q?
1
Let h(o) = -588*o - 2336. What is the tens digit of h(-28)?
2
Let j be -2 - 35/(-15) - (-24)/9. Suppose 2*f + 630 = l - 3*f, 4*l + j*f - 2474 = 0. What is the hundreds digit of l?
6
Suppose x + 22*w - 4673 = 23*w, -w = 3. What is the tens digit of x?
7
Suppose 3*b + 3626 = 10*b. Suppose -b - 1157 = -5*q. What is the hundreds digit of q?
3
Let l(o) = o**3 - 7*o**2 - 11*o + 3. Let s be l(9). Let h = 456 + s. Suppose -10*u + 7*u + h = 0. What is the hundreds digit of u?
1
Let b(x) be the first derivative of 2*x**2 - 58*x + 27. Let o be b(14). Let y(i) = 8*i**2 + 8*i + 13. What is the tens digit of y(o)?
2
Let k(p) = 229*p - 18. Let z(d) = -75*d + 6. Let f(t) = 2*k(t) + 7*z(t). Suppose s + 2*h = 2*s - 3, -3*s - 24 = 5*h. What is the tens digit of f(s)?
0
Suppose -21 = 5*m + 3*l, -3*m - 5*l = 22 - 3. Let a(j) = -4*j**2 - 6*j + 7. Let x be a(m). Let q(h) = h**2 + 9*h - 5. What is the tens digit of q(x)?
1
Let i = -12473 - -25467. What is the hundreds digit of i?
9
What is the hundreds digit of (-2 - -14)*(-1191243)/(-342)?
7
Let d = -7 + 7. Let p(u) = -26*u + 14. Let o be p(-5). Suppose 0 = 3*w + 3*f - o, d*w - f = 2*w - 94. What is the tens digit of w?
4
Let y(x) = 61*x + 76. Let i(f) = 30*f + 38. Let k(t) = -9*i(t) + 4*y(t). What is the tens digit of k(-11)?
4
Suppose -529 = -33*o - 166. Suppose o*x = 4*x + 4676. What is the units digit of x?
8
Let k be -2*(-54)/(-2) + -1. Suppose -30*x = 1606 + 5804. Let m = k - x. What is the tens digit of m?
9
Let l = -102 + 105. Let y be (303 - 5/5) + (1 - l). Suppose 13*k - 7*k - y = 0. What is the tens digit of k?
5
Let l be (-5)/10 - (-2 - (-323)/(-2)). Let w = -153 + l. What is the units digit of w?
0
Let u = 1395 - -508. What is the hundreds digit of u?
9
Let l(x) = x**3 - 11*x**2 + 27*x - 20. Let u be l(10). Suppose -1170 = -u*j + 148*j. What is the hundreds digit of j?
5
Let f(a) = -a**3 + 20*a**2 + 6*a - 23. Let w = -587 - -605. What is the hundreds digit of f(w)?
7
Let o(d) = -362*d**3 + 29*d**2 + 141*d - 19. What is the thousands digit of o(-5)?
5
Suppose 2*g = -10, -4*c + 36*g + 17928 = 32*g. What is the tens digit of c?
7
Suppose 25*d = 8*d + 49419. What is the thousands digit of d?
2
Suppose -2*s + 56 = 5*s. Suppose -22*f - 5720 = -26*f - t, -2*t + s = 0. What is the thousands digit of f?
1
What is the units digit of ((-16)/88 - 386778/22)/(49/(-147))?
3
Suppose 5*l = -18*l. Suppose l = 2*j + 3*j - 5*w - 650, 0 = w - 4. What is the units digit of j?
4
Let o(y) = 1400*y**2 + 7*y - 7. Let c be o(1). Suppose 9*i + c = 49*i. What is the tens digit of i?
3
Suppose -5*b - 5*m + 61760 = 0, -83894 = -5*b - 2*m - 22116. What is the units digit of b?
8
Suppose -5*g - 5*s + 10785 + 77380 = 0, -3*s = -18. What is the hundreds digit of g?
6
Let o = 29293 + 9474. What is the units digit of o?
7
Let t(h) = 10600*h**2 - 88*h + 171. What is the tens digit of t(2)?
9
Let a = -29862 - -37058. What is the units digit of a?
6
Let r = -19910 + 34638. What is the units digit of r?
8
Let s = -4736 - -8981. Let c be s/75 + (-6)/10. Let k = c + 28. What is the tens digit of k?
8
Suppose 5*h - 5*y = 60675, 5*h - 3*y = 56038 + 4627. What is the units digit of h?
0
Let k = -8157 - -12590. What is the units digit of k?
3
What is the units digit of (-3)/6*(-39295 - -17)?
9
Suppose -6*t = 730 - 2524. Let i = -64 + t. What is the units digit of 12/(-10)*i/(-2)?
1
Let u = -3892 + 27742. What is the thousands digit of u?
3
Suppose 17836 = 20*m - 7*m. Let j = m - -119. What is the units digit of j?
1
Let z = 2112 + 17266. What is the units digit of z?
8
Let p be ((-44)/(-6) - 8)*-1836. Suppose -4*u + 621 = l, 2*l - 11*u - p = -10*u. What is the hundreds digit of l?
6
Let a be -3 - (-8)/1*1/1. Suppose a*n - 21 = 79. Suppose 2*h - n - 212 = 0. What is the hundreds digit of h?
1
Let d = -1051 - -2237. Let z = 1870 - d. What is the hundreds digit of z?
6
Let r = -295 + 499. Let v = -56 + r. What is the units digit of v?
8
What is the tens digit of (-693)/27*(18 - 144)?
3
Suppose 0 = 3*c - 4*h - 1323, 0 = 4*c - 5*h - 637 - 1128. What is the units digit of c?
5
Let b(s) = s**2 - 2*s + 16. Let i be b(15). Let u be 1*(9 - (0 - -1)). What is the tens digit of 2/u + i/4?
5
Let f be 64/24*6/4. Suppose 2 = 5*n + v - 15, f*n = -5*v + 1. Suppose 5*m + 4*l - 1328 = 0, -4*l = n*m - 8*l - 1084. What is the tens digit of m?
6
Let c(q) = q**3 - 15*q**2 - 2*q + 34. Let u be c(15). Let y be u*(7/2)/7 + 0. Suppose -y*x - 3*x = -2*w + 93, -2*x = 4*w - 246. What is the units digit of w?
9
Let r(f) = 23 + 10 + 5*f + 36 + 25*f. Let t(q) = 15*q + 34. Let b(u) = -3*r(u) + 7*t(u). What is the hundreds digit of b(10)?
1
Let y(z) = 6*z**2 - 73*z - 145 + z**2 + 121. What is the tens digit of y(11)?
2
Let p be 2*(-37 + 1)*(-57)/38. Let l = 625 - p. What is the units digit of l?
7
Let j = 34 + 8. Let f = j + -32. Suppose f = 4*d - 3*d. What is the tens digit of d?
1
Let a(f) = 294*f**2 - 93*f - 1000. What is the units digit of a(-14)?
6
Let y(d) = 213*d**2 - 23*d + 5. What is the tens digit of y(9)?
5
Suppose 3*i - 2*q = 3*q + 11, q + 3 = i. Suppose i*s - 352 - 609 = -r, r - 1441 = -3*s. What is the tens digit of s?
8
Suppose 7*u - 3*u + z + 65 = 0, -3*u - 48 = z. Let m(k) = -80*k + 372. What is the hundreds digit of m(u)?
7
Suppose 76*a - 26*a = 206250. What is the hundreds digit of a?
1
Let g(u) = -137*u + 37. Let m be g(-6). Let i = 353 - m. Let b = -328 - i. What is the hundreds digit of b?
1
Let m(i) = 2*i**2 - 7*i - 5. Let n be m(-2). Let c = n + -3. What is the units digit of (-7)/c - 97/(-2)?
8
Suppose 0 = 4*k - 22 - 18. Let b(a) = k*a + 2*a**2 - 13*a - 4*a**3 + 2*a**3. What is the tens digit of b(-3)?
8
Let c(a) = -a**3 + 20*a**2 + 11*a + 57. Let x be c(21). Let n = 146 - x. What is the units digit of n?
9
Suppose -8*u - 610 = -13*u. Let w = u + -65. Suppose 177 = 6*p - w. What is the tens digit of p?
3
What is the thousands digit of (-7)/2 + 1219/106 - -12925?
2
Let c be 4*(24/6)/24*-1131. Let q = c - -922. What is the hundreds digit of q?
1
Let y be (-122)/4 - (4 + (-72)/16). What is the hundreds digit of (-150)/y - -2*1*334?
6
Suppose 5*a - 8*r + 11*r - 46597 = 0, -r = -3*a + 27947. What is the thousands digit of a?
9
Let k = 196 + -191. Suppose -k*w - 1100 = -4*n, -2*n + 3*w + 0*w + 552 = 0. What is the tens digit of n?
7
Let q(r) = -4*r**2 + 0*r - 2 - 3*r + 43*r**2. Let n be q(4). Suppose 5*s - n = -2*t, -5*s + 0*t + t = -595. What is the tens digit of s?
2
Suppose 45 = -113*s + 122*s. Suppose i + 2*y = -2*y + 277, 5*i + s*y = 1310. What is the hundreds digit of i?
2
Let o(c) = c**3 - 54*c**2 - 171*c - 60. Let t be o(57). Let v be (-804)/(-9) + 4/6. What is the units digit of v*(t/(-25))/6?
6
Suppose -11*z - 2 = -13*z. Let b(o) = -5*o**2 - 3*o + 3. Let s be b(z). Let y(i) = -12*i + 17. 